 2946744?
72
Calculate the highest common factor of 86652 and 261.
261
Calculate the greatest common divisor of 325566 and 108.
54
What is the greatest common divisor of 6851 and 57970?
527
Calculate the greatest common divisor of 1146 and 130.
2
Calculate the greatest common factor of 3375330 and 105.
105
What is the highest common divisor of 35041 and 13075?
523
Calculate the greatest common factor of 793 and 42029.
793
What is the highest common divisor of 336 and 994868?
28
Calculate the greatest common factor of 326 and 1037006.
326
What is the highest common divisor of 1218204 and 208?
52
Calculate the highest common factor of 56579 and 232.
29
Calculate the greatest common factor of 2725 and 21275.
25
What is the highest common divisor of 3020690 and 470?
470
What is the greatest common divisor of 41923 and 4081?
371
What is the greatest common divisor of 265476 and 96?
12
Calculate the highest common factor of 594090 and 276.
138
Calculate the highest common divisor of 4280 and 5280.
40
Calculate the highest common factor of 16851 and 1599.
123
Calculate the highest common factor of 1053 and 1911.
39
What is the highest common factor of 31773 and 21?
21
Calculate the highest common factor of 444317 and 164.
41
What is the highest common divisor of 9917 and 141?
47
What is the greatest common factor of 26 and 29549?
13
What is the highest common factor of 7032 and 2928?
24
What is the highest common divisor of 61849 and 22889?
487
Calculate the greatest common divisor of 175 and 224000.
175
Calculate the greatest common factor of 368 and 83076.
92
What is the greatest common factor of 249 and 237297?
249
What is the greatest common factor of 24885 and 147?
21
Calculate the highest common factor of 44634 and 602.
86
Calculate the highest common factor of 22725 and 8865.
45
Calculate the greatest common factor of 616 and 57064.
56
Calculate the highest common factor of 13770 and 6345.
135
What is the greatest common divisor of 447 and 316923?
447
Calculate the highest common factor of 12876213 and 7.
7
What is the highest common divisor of 5069 and 83213?
37
What is the greatest common divisor of 75 and 979845?
15
Calculate the greatest common divisor of 29 and 341243.
29
What is the highest common factor of 14798 and 3322?
302
What is the highest common divisor of 110 and 68156?
22
Calculate the highest common factor of 2725 and 575.
25
Calculate the greatest common divisor of 166 and 59677.
83
What is the highest common divisor of 249300 and 90?
90
Calculate the greatest common factor of 498636 and 513.
513
Calculate the greatest common factor of 63 and 126486.
9
Calculate the greatest common factor of 518 and 54242.
74
Calculate the highest common factor of 425 and 3196.
17
What is the greatest common factor of 49014 and 3024?
126
Calculate the highest common factor of 79 and 276421.
79
Calculate the highest common factor of 1040 and 5600.
80
What is the highest common divisor of 447 and 170158?
149
What is the greatest common factor of 1193157 and 1712?
107
Calculate the highest common factor of 1814151 and 279.
93
Calculate the greatest common divisor of 67 and 6013451.
67
What is the highest common factor of 5205184 and 64?
64
Calculate the highest common divisor of 274235 and 1040.
65
What is the greatest common factor of 308 and 675836?
28
What is the greatest common factor of 960 and 61120?
320
Calculate the greatest common factor of 250080 and 32.
32
Calculate the highest common divisor of 11417 and 2330.
233
What is the greatest common factor of 61281 and 41473?
619
Calculate the greatest common factor of 23496 and 2376.
264
Calculate the highest common factor of 4152 and 408.
24
Calculate the greatest common factor of 7323 and 7.
1
Calculate the greatest common factor of 105 and 517160.
35
What is the highest common divisor of 82472 and 10140?
676
Calculate the greatest common factor of 2962 and 2208171.
1481
Calculate the greatest common factor of 557965 and 15.
5
Calculate the greatest common divisor of 64 and 13792.
32
Calculate the highest common factor of 304 and 36632.
152
What is the greatest common divisor of 751842 and 14?
14
What is the greatest common divisor of 15 and 16745?
5
Calculate the greatest common factor of 30 and 12414.
6
What is the highest common factor of 1218 and 335118?
42
Calculate the highest common divisor of 1250 and 145.
5
Calculate the highest common factor of 1985110 and 19962.
2218
Calculate the highest common factor of 1919 and 38.
19
Calculate the highest common divisor of 448 and 181328.
112
Calculate the greatest common factor of 1330 and 30400.
190
Calculate the highest common divisor of 24 and 2260.
4
What is the highest common factor of 5525 and 62101?
221
Calculate the highest common factor of 140 and 53520.
20
What is the greatest common divisor of 4794 and 1974?
282
Calculate the highest common factor of 26101 and 5762.
43
What is the greatest common divisor of 46754 and 964?
482
What is the greatest common divisor of 1659 and 3708971?
553
Calculate the highest common divisor of 2852 and 589.
31
Calculate the greatest common divisor of 15172 and 20.
4
Calculate the greatest common factor of 1572 and 63404.
524
What is the greatest common factor of 526 and 25511?
263
What is the highest common factor of 293881 and 28?
7
Calculate the highest common divisor of 612 and 29988.
612
Calculate the greatest common divisor of 63 and 1042699.
7
What is the highest common factor of 1185800 and 2541?
847
Calculate the highest common factor of 36013 and 1.
1
Calculate the highest common divisor of 59 and 780511.
59
What is the highest common factor of 597074 and 204?
34
Calculate the greatest common divisor of 45290 and 140.
70
Calculate the greatest common divisor of 22 and 121781.
11
What is the greatest common divisor of 729445 and 115?
115
Calculate the greatest common factor of 7270 and 120.
10
What is the greatest common divisor of 2626 and 1414?
202
What is the greatest common factor of 13 and 556049?
13
What is the greatest common divisor of 235876 and 1623?
541
Calculate the greatest common factor of 557 and 4317307.
557
Calculate the highest common factor of 719264 and 456.
152
What is the greatest common divisor of 128360 and 400?
40
Calculate the greatest common divisor of 35 and 73717.
7
Calculate the highest common divisor of 570 and 1130.
10
What is the greatest common divisor of 128 and 16832?
64
Calculate the highest common factor of 10 and 17338.
2
What is the greatest common divisor of 471114 and 486?
18
What is the greatest common factor of 352044 and 381?
381
What is the highest common divisor of 1711 and 116?
29
What is the highest common divisor of 23 and 965402?
23
What is the highest common divisor of 132 and 32556?
12
What is the greatest common divisor of 39 and 12091677?
39
What is the greatest common divisor of 124 and 11966?
62
Calculate the greatest common divisor of 1881 and 56943.
171
What is the greatest common divisor of 1309 and 81719?
187
What is the greatest common divisor of 7154 and 15876?
98
Calculate the highest common factor of 363737 and 129.
43
What is the greatest common divisor of 133004 and 164?
164
What is the highest common divisor of 87 and 4494333?
87
What is the greatest common factor of 1440 and 7320?
120
Calculate the greatest common factor of 3080 and 9548.
308
What is the greatest common factor of 3567780 and 1080?
540
What is the highest common divisor of 12709 and 3401?
179
What is the greatest common divisor of 6 and 364998?
6
What is the highest common factor of 17 and 77146?
17
What is the highest common factor of 14105 and 728?
91
Calculate the greatest common divisor of 574742 and 98.
14
What is the greatest common divisor of 4355 and 1474?
67
Calculate the highest common factor of 2828 and 448.
28
What is the greatest common factor of 6 and 8422?
2
Calculate the greatest common divisor of 684 and 1070973.
171
Calculate the greatest common factor of 790 and 21172.
158
Calculate the highest common divisor of 64248 and 156.
12
Calculate the greatest common factor of 2769 and 2329652.
923
Calculate the highest common factor of 3431 and 658.
47
What is the greatest common factor of 2142 and 1620066?
714
What is the highest common d